79
Calculate (0 + (4 - -85) - (3 + 6)) + (35 - 41).
74
What is -2 + 6 + -13 - (-6 + 25)?
-28
What is the value of -64 + 64 - (-44 + (-3 - (-5 + -2)))?
40
What is -10 + -17 - 20 - (23 + -49)?
-21
What is the value of (516 + -563 - (-3 - (-21 - 0))) + -1 + 9?
-57
Calculate -21 - (-23 + (8 - 21 - -17)).
-2
What is -19 + (7 - (-45 - -23 - -79)) + -2?
-71
Calculate -13 - ((25 - 73) + 31) - -7.
11
Evaluate 9 + 25 - -3 - (12 - 2).
27
Evaluate 56 - 47 - (11 + -37 - -6).
29
What is 111 - ((-16 - -85) + -3)?
45
What is the value of (-137 - (-300 - -137)) + (2 - 33)?
-5
Calculate (-1 + 0 - (14 + -45 - -62)) + -7.
-39
Evaluate 1326 + -1303 + (-1 - -18).
40
(26 - -1) + 34 + -59 - (116 - -4 - 4)
-114
What is the value of (9 - 2) + (141 - 165) - -36?
19
Calculate 66 + (59 - 79 - 1).
45
What is -2630 + 2612 - (0 + 2 - -1 - 1)?
-20
What is 0 + (5 - 25) + 2 - (-770 - -855)?
-103
What is the value of (-6 + 3 - (13 + -21)) + (60 - 138)?
-73
Calculate -1 + (1 - -64) + -18 + (377 - 350).
73
Evaluate -3 + (65 - 8) - (4 + -7 + 10).
47
Evaluate -35 + 2 - (333 + -388).
22
Calculate -1 + -25 + (-82 - (-58 + -106)).
56
2 + (19 - ((-22 - -20) + 43))
-20
What is the value of (18 - (-18 + 158)) + 81 + -34?
-75
What is the value of (32 - (1 + -14)) + -30 + 15?
30
What is -39 - (6 - (-14 + (-8 - (2 - 41))))?
-28
Calculate (-88 - (-144 - -84)) + 109.
81
What is the value of 19 - 1 - (-22 + 61 - -7)?
-28
What is 6 + -29 + 95 - 39?
33
Calculate 7 + (-6 - -11 - (-167 + 184 + -1 + -9)).
5
What is the value of -153 - (141 - 285) - (1 - (1 - 57))?
-66
11 + (2 - 16) - (-1 - (-25 - 5) - 8)
-24
-8 + ((-6 - -29) + -60 - -31)
-14
(-87 - -33) + -1 + (8 - 8 - (1 + 5))
-61
Calculate -20 + 24 + -45 + 1 - -6 - (-5 + -1).
-28
Calculate -98 - (-96 + -35 + 66).
-33
Evaluate -21 + -4 + -1 + 93 + -114.
-47
(14 + -24 - -29) + -30 - -28
17
Calculate (-9 - -1 - -13) + 29 + -3.
31
What is 33 + 1 + -5 + (72 - 28 - 38)?
35
Calculate 74 + (-101 - -128) + (-3 - -7 - 13).
92
What is (993 - 1074) + 44 + 1?
-36
Evaluate (-775 + 764 - (-1 - 55)) + 15 + (-1 - 2).
57
What is the value of -80 - ((-4 + -14 + 13 + 9 - 8) + 8)?
-84
Evaluate 56 + 1 - (709 + -661).
9
44 - -3 - 1 - 5 - (36 + -32)
37
(-1 - -2) + (7 - ((-10 - -47) + -17))
-12
What is the value of 23 + (30 + -17 - 57) - 34?
-55
What is (24388 - 24369) + (-1 + 0 - 1)?
17
24 + 36 - (89 - 22)
-7
Evaluate -8 + (19 - -4 - 34 - (34 - (2 - 7))).
-58
Evaluate (20 - -2 - 17) + (-18 - -12 - 1).
-2
2 + -27 + (-32 - (-26 - -6))
-37
Evaluate (-24 - -34) + (-10 - -1) + 0 + -9 - -29.
21
What is the value of (5 - 22) + 12 + -9 - -63?
49
What is the value of 268 - -32 - 292 - ((0 - 0) + 32)?
-24
What is (3 - ((51 - -11) + -4 + 2)) + 4?
-53
What is the value of (2 - -33) + (-835 - -703) + -19?
-116
49 + -30 + (-6 - (-1 - -1)) - 58
-45
Calculate (3 - ((-4 - 0) + (4 - 1) - -7)) + -36.
-39
(0 + -23 - (-53 - -70)) + -7
-47
Evaluate (-1 - 0) + 527 + -553 + -1 + (-10 - -2).
-36
What is 206 + 120 + -128 + -66?
132
Evaluate -63 - (-1 + 8 - (-194 - -215) - -7).
-56
What is the value of 10 - (-43 + -7) - -55 - (-1 + -19)?
135
(-3 - (-5 + 6 - -1)) + 402 + -399
-2
What is the value of (-18 - -40) + 75 - (17 + 10)?
70
What is the value of (6 - 15) + 2 + -1 + 2 - (24 + -34)?
4
What is (-1223 - -1217 - (0 - 14)) + (-2 - -6)?
12
Evaluate -2 - 3 - (13 + 0 + (451 - 461)) - -29.
21
What is the value of -5 + 7 - (-9 + 5) - -6 - (10 - 1)?
3
Evaluate -40 - (-2 - (4 + 10 - -2 - 22)).
-44
Calculate 34 + -48 + (5 - 9 - -10) + 29.
21
What is the value of -11 - (-30 - -13) - 109?
-103
What is the value of -22 + (12 - (-4 + 10 - 11))?
-5
29 - 23 - (-62 - -34)
34
Evaluate 67 - (-5 + 31 + -8).
49
What is 10 - (((10 - 9) + -8 - -16) + 5 - -3)?
-7
(60 - 13 - 41) + -23
-17
Calculate -3 + 5 - (386 + -389).
5
What is (-77 - (3 - 9)) + ((-22 - -13) + 1 - -10)?
-69
Evaluate -16 - ((-73 - -80) + (-21 - 2) - -63).
-63
What is 17 + -31 - (-23 - (23 + -7))?
25
What is -29 - (14 + (-44 - 29))?
30
What is 63 + -15 - ((-8 - -8) + 11)?
37
Calculate 20 - (12 + 10 + 4) - 17.
-23
What is 40 + 2 - (847 + -832)?
27
What is (8 + 23 - 19 - 22) + -20?
-30
Calculate 17 + -49 + 51 - 71.
-52
What is (-207 + 101 - -75) + (37 - 2)?
4
What is the value of 118 + -232 + 302 - 102?
86
What is 10 + (-12 - (-13 - -28)) - 43?
-60
Calculate 6 - 41 - 12 - 6 - (-1 - -10).
-62
9 + (-9 - (319 + -328 - (-1 - 0)))
8
What is the value of (-46 - 7) + 331 + -334?
-56
Evaluate 100 - (-21 + (53 - 5)).
73
Calculate -19 - ((-90 - 75) + 70).
76
What is the value of 1 + -7 + -4 + -64 + 62 - (-1 + -41)?
30
What is -20 + 32 + (-11 - 6) + 12 + -3?
4
Evaluate -3 + -12 + 9 + (-19 - -8 - -4).
-13
Evaluate 48 + -45 + -53 - -13.
-37
What is the value of -13 - ((-8 - ((1 - 13) + 8 + -9)) + 4)?
-22
Calculate 1 + -1 + -67 + (516 - 1016 - -518).
-49
What is the value of -26 - -1 - (-2 + 34 + -20 - 17)?
-20
Evaluate 1 - (6 + 6 + 36) - -16.
-31
What is the value of -49 + (-6 - 7 - -12) + 33 + -28?
-45
Evaluate -52 + (-5 + (11 + -25 - -8) + 22 - 23).
-64
What is the value of -125 + (-15 + (13 + 0 - -13) - -1)?
-113
Evaluate -3 + 2 + -33 + 25 + 17 + -6.
2
-49 - (-68 + -57) - (-2 + 29)
49
Evaluate (-2 - (-9 - 3)) + (-32 - 13 - -30) - 23.
-28
What is the value of 34 + (-80 - (5 + (12 - -6)))?
-69
What is (0 - 72) + (-238 - -257) + -29?
-82
What is the value of -6 - 37 - (-41 - (-23 + -39))?
-64
What is the value of -4 - (-5 - -2 - (6 + -9)) - (31 - 83)?
48
What is the value of (87 - 100) + 7 + -10?
-16
What is -36 + -2 + 2 + -193 + 91 + 102?
-36
Calculate -9 + -10 + 24 + 4 + (-40 - (-4 + 1)).
-28
-41 - ((28 - 27) + (-6 - -9 - 13))
-32
Calculate 44 + (-6 + 0 - -8) + -6 - (5 + -3).
38
Calculate (-7 - 0) + (30 - 26) - (3 - (-51 + 0)).
-57
What is -3 + 1 + 55 + (55 - 96) - -9?
21
Calculate (103 - 197) + 124 + -25 + 1.
6
(6 + -28 - 4) + (39 - 43)
-30
What is the value of -15 + (34 - (-2 - -19))?
2
What is -12 + -17 + (7 - -14) + (-18 - 1)?
-27
What is the value of -8 + (13 - -164 - 3) - 29?
137
-50 - (-41 + (4 - -2))
-15
What is -32 + 4 + (-39 - -21 - -20) + 11?
-15
Calculate 1429 + -1443 + (-7 - -2).
-19
What is the value of 50 + (0 - 21 - (560 + -540))?
9
What is (-1393 - -1394) + (0 - -23) + -1 + 0?
23
(0 - 12) + (-93 - -94) + 13 + (18 - -2)
22
Calculate 4 + -56 + -329 + 374.
-7
Calculate 49 - (31 - (141 + -53)).
106
Evaluate 50 + -4 + 2 - (4549 + -4551).
50
What is the value of -55 + (2 - (7 + -12)) + -9 + 2 - -11?
-44
(-28 - 5) + 32 - (0 + -3 - -10) - 28
-36
What is the value of 98 + -3 - (2559 - 2485)?
21
Evaluate 17 + (-13 - (0 + 0)) - -23.
27
(7 - 27) + 4 - (-55 + 66)
-27
62 - (62 - -91) - ((-25 - -3) + 1)
-70
What is the value of -104 - (-58 + 60 + 2 + -1)?
-107
Calculate 13 + (-23 + 32 - (-6 - -14)) - 13.
1
What is the value of 8 - (-50 - (1 - -10 - (12 - (-16 - -27))))?
68
What is 83 + -1 + -43 + (124 - 95)?
68
Calculate 108 + (35 - (43 - (-15 + 4))).
89
What is -7 + (962 - 988) + 3 + -1 + -2 + 2?
-31
Calculate -18 + -23 + 9 + -10 + -26.
-68
Calculate 398 + (-191 - 120) + 0 + -1 + 0.
86
Evaluate 0 + -1 + (53 - (-196 + 293)).
-45
Evaluate -21 - (-5 + (-7 - -25 - 6)).
-28
Evaluate 68 + -55 + (-23 - -28).
18
0 + (5973 + -5967 - (-98 - (-2 + 3)))
105
What is 19 - (33 + (-13 - -21) + -23)?
1
What is 119 + (-26 - (-13 - 7)) + -7?
106
Calculate (1942 - 1957) + 1 + 2 + -18.
-30
Calculate (-1 - 3) + (8 - (8 + 17 - 15 - 61)).
55
Evaluate 36 - (77 + -68 - 27).
54
-39 + 49 - 55 - -35
-10
Calculate (-5 - (-24 - -1)) + -197 + 172.
-7
Evaluate -3 + (-1 - 4) + (33 - (13 + 25 + -16)).
3
What is the value of 60 + (-32 - 25 - 1)?
2
Calculate 55 - (14 + (27 - (13 + 24))).
51
Calculate (-97 - -145 - (-6 + 40)) + (0 - -3).
17
Evaluate 50 - ((-5 + 17 - -25) + -20).
33
What is (17 - 33) + 10 + 15 + 11?
20
What is -7 - (-28 - -70) - -50?
1
What is (-3 + -3 - 2 - (11 - 18)) + 115 + -28?
86
Evaluate -16 + 27 + (-7 - 17) - -12.
-1
(-64 - (-20 + -17)) + 30
3
What is 32 + -24 + (-34 - 0) + 8?
-18
Evaluate 6 - (20 + 4 + 0 + (-4 + 17 - 23)).
-8
Calculate (0 - 9) + 0 + -4 + 2 + -8.
-19
What is 11 + -24 - -13 - 5?
-5
Evaluate -1 + -56 - (15 - (-11 + 9 + 19)).
-55
143 + (-55 - 31) + (-7 - (2 + -2))
50
Evaluate 1 + 1 - ((13 + -26 - -33) + -50).
32
(-83 - -19) + (-128 - -150)
-42
What is the value of (-1 - -68 - (-16 - 0)) + -6 + 1?
78
Calculate (10 - (-11 - (-1 + -10))) + (-61 - 8).
-59
Evalua